List the prime factors of 50368.
2, 787
What are the prime factors of 107?
107
What are the prime factors of 31639?
29, 1091
List the prime factors of 10162.
2, 5081
What are the prime factors of 10530?
2, 3, 5, 13
List the prime factors of 272.
2, 17
What are the prime factors of 544?
2, 17
What are the prime factors of 884?
2, 13, 17
What are the prime factors of 13424?
2, 839
List the prime factors of 642.
2, 3, 107
What are the prime factors of 40110?
2, 3, 5, 7, 191
List the prime factors of 6314.
2, 7, 11, 41
What are the prime factors of 38911?
167, 233
What are the prime factors of 9995?
5, 1999
What are the prime factors of 2689?
2689
List the prime factors of 2405.
5, 13, 37
What are the prime factors of 829?
829
List the prime factors of 43541.
43541
What are the prime factors of 1571?
1571
What are the prime factors of 22277?
22277
What are the prime factors of 5860?
2, 5, 293
List the prime factors of 1218.
2, 3, 7, 29
What are the prime factors of 1834?
2, 7, 131
List the prime factors of 15905.
5, 3181
List the prime factors of 158223.
3, 13, 4057
List the prime factors of 10818.
2, 3, 601
What are the prime factors of 478?
2, 239
List the prime factors of 998.
2, 499
What are the prime factors of 1232?
2, 7, 11
What are the prime factors of 222?
2, 3, 37
List the prime factors of 5476.
2, 37
What are the prime factors of 378?
2, 3, 7
List the prime factors of 10897.
17, 641
List the prime factors of 44293.
44293
List the prime factors of 1195.
5, 239
What are the prime factors of 80656?
2, 71
What are the prime factors of 84666?
2, 3, 103, 137
List the prime factors of 1593.
3, 59
List the prime factors of 647.
647
List the prime factors of 23111.
11, 191
What are the prime factors of 334?
2, 167
List the prime factors of 13.
13
List the prime factors of 24586.
2, 19, 647
What are the prime factors of 43008?
2, 3, 7
What are the prime factors of 24489?
3, 907
List the prime factors of 1043.
7, 149
What are the prime factors of 5170?
2, 5, 11, 47
What are the prime factors of 30589?
13, 181
What are the prime factors of 3943?
3943
List the prime factors of 2569.
7, 367
What are the prime factors of 5126?
2, 11, 233
List the prime factors of 110477.
110477
List the prime factors of 44760.
2, 3, 5, 373
List the prime factors of 25823.
7, 17, 31
What are the prime factors of 25690?
2, 5, 7, 367
List the prime factors of 641.
641
List the prime factors of 27548.
2, 71, 97
What are the prime factors of 6681?
3, 17, 131
List the prime factors of 1024.
2
What are the prime factors of 4046?
2, 7, 17
What are the prime factors of 52842?
2, 3, 8807
What are the prime factors of 18935?
5, 7, 541
List the prime factors of 16257.
3, 5419
List the prime factors of 3050.
2, 5, 61
What are the prime factors of 1511?
1511
What are the prime factors of 27?
3
What are the prime factors of 24032?
2, 751
What are the prime factors of 2877?
3, 7, 137
List the prime factors of 33523.
7, 4789
List the prime factors of 1587.
3, 23
List the prime factors of 45.
3, 5
List the prime factors of 1498.
2, 7, 107
What are the prime factors of 11867?
11867
What are the prime factors of 6805?
5, 1361
What are the prime factors of 2168?
2, 271
What are the prime factors of 174259?
174259
What are the prime factors of 9129?
3, 17, 179
What are the prime factors of 1251?
3, 139
List the prime factors of 37744.
2, 7, 337
What are the prime factors of 883?
883
List the prime factors of 4689.
3, 521
List the prime factors of 49180.
2, 5, 2459
What are the prime factors of 25707?
3, 11, 19, 41
List the prime factors of 62301.
3, 19, 1093
List the prime factors of 5749.
5749
List the prime factors of 2017.
2017
List the prime factors of 38851.
38851
List the prime factors of 16063.
16063
List the prime factors of 125225.
5, 5009
What are the prime factors of 2137?
2137
List the prime factors of 4687.
43, 109
List the prime factors of 34150.
2, 5, 683
What are the prime factors of 2306?
2, 1153
List the prime factors of 29726.
2, 89, 167
List the prime factors of 101348.
2, 13, 1949
List the prime factors of 7436.
2, 11, 13
List the prime factors of 5667.
3, 1889
What are the prime factors of 5594?
2, 2797
List the prime factors of 494.
2, 13, 19
What are the prime factors of 149529?
3, 49843
What are the prime factors of 13801?
37, 373
List the prime factors of 58055.
5, 17, 683
What are the prime factors of 68824?
2, 7, 1229
What are the prime factors of 18035?
5, 3607
What are the prime factors of 24768?
2, 3, 43
What are the prime factors of 13008?
2, 3, 271
List the prime factors of 11815.
5, 17, 139
List the prime factors of 1092.
2, 3, 7, 13
List the prime factors of 8913.
3, 2971
List the prime factors of 5339.
19, 281
List the prime factors of 22568.
2, 7, 13, 31
What are the prime factors of 1129?
1129
What are the prime factors of 11940?
2, 3, 5, 199
What are the prime factors of 13948?
2, 11, 317
What are the prime factors of 5443?
5443
What are the prime factors of 17432?
2, 2179
List the prime factors of 3842.
2, 17, 113
What are the prime factors of 14364?
2, 3, 7, 19
List the prime factors of 6476.
2, 1619
What are the prime factors of 1437?
3, 479
What are the prime factors of 18?
2, 3
What are the prime factors of 16633?
16633
List the prime factors of 4061.
31, 131
What are the prime factors of 505?
5, 101
What are the prime factors of 26962?
2, 13, 17, 61
What are the prime factors of 2345?
5, 7, 67
List the prime factors of 119426.
2, 211, 283
List the prime factors of 43275.
3, 5, 577
What are the prime factors of 648?
2, 3
What are the prime factors of 72091?
72091
List the prime factors of 37453.
13, 43, 67
List the prime factors of 338.
2, 13
List the prime factors of 123.
3, 41
What are the prime factors of 5228?
2, 1307
What are the prime factors of 34247?
23, 1489
What are the prime factors of 9697?
9697
List the prime factors of 359.
359
List the prime factors of 5744.
2, 359
List the prime factors of 1272.
2, 3, 53
What are the prime factors of 2433?
3, 811
List the prime factors of 541.
541
List the prime factors of 99618.
2, 3, 16603
List the prime factors of 2227.
17, 131
What are the prime factors of 9371?
9371
List the prime factors of 11470.
2, 5, 31, 37
What are the prime factors of 475?
5, 19
What are the prime factors of 53575?
5, 2143
What are the prime factors of 1718?
2, 859
List the prime factors of 1576.
2, 197
What are the prime factors of 10362?
2, 3, 11, 157
List the prime factors of 2900.
2, 5, 29
What are the prime factors of 4416?
2, 3, 23
List the prime factors of 1500.
2, 3, 5
List the prime factors of 1895.
5, 379
List the prime factors of 48210.
2, 3, 5, 1607
List the prime factors of 91029.
3, 19, 1597
What are the prime factors of 101113?
101113
List the prime factors of 1098.
2, 3, 61
List the prime factors of 21599.
21599
What are the prime factors of 182?
2, 7, 13
What are the prime factors of 93010?
2, 5, 71, 131
What are the prime factors of 5125?
5, 41
List the prime factors of 11540.
2, 5, 577
What are the prime factors of 18124?
2, 23, 197
List the prime factors of 31563.
3, 7, 167
List the prime factors of 12066.
2, 3, 2011
List the prime factors of 454.
2, 227
List the prime factors of 517.
11, 47
List the prime factors of 1879.
1879
What are the prime factors of 4818?
2, 3, 11, 73
What are the prime factors of 4200?
2, 3, 5, 7
What are the prime factors of 697?
17, 41
List the prime factors of 2322.
2, 3, 43
List the prime factors of 240.
2, 3, 5
What are the prime factors of 6401?
37, 173
List the prime factors of 112.
2, 7
List the prime factors of 44349.
3, 14783
What are the prime factors of 588?
2, 3, 7
List the prime factors of 3015.
3, 5, 67
What are the prime factors of 1420?
2, 5, 71
List the prime factors of 6791.
6791
List the prime factors of 809.
809
List the prime factors of 54008.
2, 43, 157
What are the prime factors of 65557?
65557
List the prime factors of 1360.
2, 5, 17
What are the prime factors of 74841?
3, 13, 19, 101
What are the prime factors of 41522?
2, 13, 1597
List the prime factors of 13352.
2, 1669
List the prime factors of 1352.
2, 13
What are the prime factors of 6908?
2, 11, 157
What are the prime factors of 23629?
23629
What are the prime factors of 518?
2, 7, 37
Lis